2762450?
38
Calculate the remainder when 346095 is divided by 313.
230
What is the remainder when 29415 is divided by 14196?
1023
What is the remainder when 171187696 is divided by 20?
16
Calculate the remainder when 74310 is divided by 2293.
934
Calculate the remainder when 2946559 is divided by 267867.
22
Calculate the remainder when 2390198 is divided by 103920.
38
What is the remainder when 846494 is divided by 141081?
8
Calculate the remainder when 233821 is divided by 77931.
28
Calculate the remainder when 19564990 is divided by 72.
70
What is the remainder when 3725999 is divided by 51?
41
Calculate the remainder when 72182 is divided by 2529.
1370
Calculate the remainder when 5943882 is divided by 9047.
3
Calculate the remainder when 2633961 is divided by 2633278.
683
What is the remainder when 7416316 is divided by 51?
49
What is the remainder when 214859 is divided by 71607?
38
Calculate the remainder when 928387 is divided by 231827.
1079
Calculate the remainder when 54946 is divided by 5437.
576
Calculate the remainder when 2715796 is divided by 82.
38
Calculate the remainder when 4127629 is divided by 1394.
1389
What is the remainder when 7042240 is divided by 3521119?
2
What is the remainder when 2672246 is divided by 95?
86
What is the remainder when 134207107 is divided by 787?
784
What is the remainder when 1415960 is divided by 10806?
374
What is the remainder when 52189 is divided by 120?
109
Calculate the remainder when 4565559 is divided by 4204.
15
What is the remainder when 30274621 is divided by 950?
21
Calculate the remainder when 78464 is divided by 122.
18
Calculate the remainder when 83490 is divided by 20848.
98
Calculate the remainder when 34197 is divided by 11342.
171
What is the remainder when 12259 is divided by 1600?
1059
Calculate the remainder when 4797 is divided by 1537.
186
Calculate the remainder when 24072648 is divided by 135.
123
Calculate the remainder when 14452360 is divided by 77.
76
What is the remainder when 79839407 is divided by 3447?
3440
Calculate the remainder when 16357242 is divided by 5452408.
18
Calculate the remainder when 46930 is divided by 9809.
7694
What is the remainder when 603224 is divided by 1450?
24
Calculate the remainder when 13975328 is divided by 635242.
4
What is the remainder when 136235905 is divided by 174?
169
Calculate the remainder when 12177257 is divided by 109.
104
What is the remainder when 2469183 is divided by 6840?
6783
What is the remainder when 20776853 is divided by 18888?
53
What is the remainder when 5764491 is divided by 86?
83
What is the remainder when 37229806 is divided by 524363?
33
What is the remainder when 648500 is divided by 2393?
2390
What is the remainder when 11282100 is divided by 258?
18
What is the remainder when 11778 is divided by 1394?
626
Calculate the remainder when 367291 is divided by 1985.
66
What is the remainder when 25273478 is divided by 5054693?
13
What is the remainder when 681337 is divided by 11747?
11
What is the remainder when 5470012 is divided by 78?
28
Calculate the remainder when 3215793 is divided by 535962.
21
Calculate the remainder when 7169691 is divided by 2567.
60
Calculate the remainder when 20392 is divided by 20375.
17
Calculate the remainder when 6282661 is divided by 50.
11
What is the remainder when 8957668 is divided by 1014?
1006
What is the remainder when 119894 is divided by 11934?
554
What is the remainder when 543338 is divided by 2481?
2480
What is the remainder when 9776702 is divided by 9776693?
9
What is the remainder when 285828 is divided by 95037?
717
Calculate the remainder when 623218 is divided by 311428.
362
What is the remainder when 3327002 is divided by 1661?
19
Calculate the remainder when 137266 is divided by 5717.
58
Calculate the remainder when 1361382 is divided by 680640.
102
What is the remainder when 25671 is divided by 452?
359
What is the remainder when 2420126 is divided by 1846?
20
Calculate the remainder when 2106683 is divided by 278.
277
Calculate the remainder when 47164013 is divided by 186.
179
Calculate the remainder when 31797520 is divided by 628.
624
Calculate the remainder when 94571138 is divided by 30.
8
Calculate the remainder when 92832898 is divided by 14.
4
What is the remainder when 614991 is divided by 100?
91
Calculate the remainder when 29768 is divided by 6450.
3968
What is the remainder when 70991 is divided by 22557?
3320
What is the remainder when 333751 is divided by 429?
418
Calculate the remainder when 4417042 is divided by 232475.
17
What is the remainder when 108707620 is divided by 18117935?
10
Calculate the remainder when 5516629 is divided by 451.
448
What is the remainder when 20051 is divided by 19698?
353
Calculate the remainder when 100205600 is divided by 48.
32
Calculate the remainder when 9499747 is divided by 11845.
57
What is the remainder when 13954163 is divided by 1698?
1697
Calculate the remainder when 17541614 is divided by 39.
38
Calculate the remainder when 31754155 is divided by 15877038.
79
What is the remainder when 443655 is divided by 367?
319
Calculate the remainder when 2241839 is divided by 81.
2
Calculate the remainder when 199406659 is divided by 26.
23
What is the remainder when 62272455 is divided by 5?
0
What is the remainder when 42672347 is divided by 379?
358
Calculate the remainder when 22092207 is divided by 11652.
15
What is the remainder when 42667 is divided by 41885?
782
What is the remainder when 55053397 is divided by 27526683?
31
Calculate the remainder when 925565 is divided by 90.
5
What is the remainder when 9051422 is divided by 6?
2
What is the remainder when 4844714 is divided by 2422347?
20
What is the remainder when 16276712 is divided by 455?
452
What is the remainder when 7754914 is divided by 64?
34
What is the remainder when 17250381 is divided by 8?
5
Calculate the remainder when 1680737 is divided by 413.
240
Calculate the remainder when 3953875 is divided by 3953862.
13
What is the remainder when 340355 is divided by 2574?
587
What is the remainder when 342357 is divided by 2353?
1172
What is the remainder when 1071898 is divided by 20?
18
Calculate the remainder when 103143 is divided by 102471.
672
Calculate the remainder when 529616 is divided by 58840.
56
Calculate the remainder when 29167 is divided by 2766.
1507
What is the remainder when 139448 is divided by 12557?
1321
What is the remainder when 1996592 is divided by 853?
572
Calculate the remainder when 12125308 is divided by 7.
6
Calculate the remainder when 39840 is divided by 227.
115
Calculate the remainder when 466805 is divided by 1021.
208
What is the remainder when 27603794 is divided by 613417?
29
Calculate the remainder when 144297 is divided by 72127.
43
What is the remainder when 1565446 is divided by 1757?
1716
What is the remainder when 32978478 is divided by 199?
198
Calculate the remainder when 14401 is divided by 59.
5
Calculate the remainder when 1572967 is divided by 120993.
58
What is the remainder when 148941 is divided by 77?
23
Calculate the remainder when 89896 is divided by 37.
23
Calculate the remainder when 348160 is divided by 1741.
1701
Calculate the remainder when 1365502 is divided by 56.
54
Calculate the remainder when 1489140 is divided by 496268.
336
What is the remainder when 22357480 is divided by 21?
19
Calculate the remainder when 6873 is divided by 1127.
111
What is the remainder when 158084 is divided by 883?
27
Calculate the remainder when 3088214 is divided by 64.
22
What is the remainder when 65073 is divided by 1378?
307
What is the remainder when 14103899 is divided by 35706?
29
Calculate the remainder when 1099432 is divided by 274855.
12
What is the remainder when 55324757 is divided by 18441581?
14
Calculate the remainder when 28916 is divided by 1032.
20
Calculate the remainder when 1748670 is divided by 194294.
24
Calculate the remainder when 6311826 is divided by 191265.
81
What is the remainder when 1191099 is divided by 2589?
159
What is the remainder when 1427055 is divided by 7925?
555
What is the remainder when 439584 is divided by 231?
222
Calculate the remainder when 186068 is divided by 7738.
356
Calculate the remainder when 3165205 is divided by 3943.
2919
Cal